{"id":3189,"date":"2018-04-10T22:04:07","date_gmt":"2018-04-10T20:04:07","guid":{"rendered":"https:\/\/wolski.pro\/kursy\/?page_id=3189"},"modified":"2018-04-10T22:04:32","modified_gmt":"2018-04-10T20:04:32","slug":"promocja-proces-projektowania-oprogramowania-na-start","status":"publish","type":"page","link":"https:\/\/wolski.pro\/kursy\/promocja-proces-projektowania-oprogramowania-na-start\/","title":{"rendered":"Promocja &#8220;Proces projektowania oprogramowania na start&#8221;"},"content":{"rendered":"<h2>\u00a7 1. Informacje og\u00f3lne<\/h2>\n<ol>\n<li>Organizatorem Promocji \u201cProjektowanie na start\u201d jest firma MODESTO Micha\u0142 Wolski z siedzib\u0105 we Magdalence pod adresem: ul. Okr\u0119\u017cna 21, 05-506 Magdalenka, \u00a0zwana dalej Organizatorem.<\/li>\n<li>Promocja trwa do odwo\u0142ania.<\/li>\n<li>Informacje o Promocji &#8220;Projektowanie na start&#8221; wraz z jej Regulaminem dost\u0119pne s\u0105 na stronie internetowej <a href=\"https:\/\/wolski.pro\/kursy\">https:\/\/wolski.pro\/kursy<\/a><\/li>\n<\/ol>\n<h2>\u00a7 2. Definicje<\/h2>\n<ol>\n<li><b>Organizator<\/b>\u00a0&#8211; Micha\u0142 Wolski, kt\u00f3rego dane zosta\u0142y okre\u015blone w \u00a7 1 ust. 1 niniejszego Regulaminu.<\/li>\n<li><b>Promocja &#8220;Projektowanie na start&#8221;<\/b>\u00a0&#8211; promocja organizowana przez Organizatora na warunkach i zasadach okre\u015blonych w tre\u015bci niniejszego Regulaminu.<\/li>\n<li><b>Regulamin<\/b>\u00a0&#8211; niniejszy regulamin okre\u015blaj\u0105cy zasady i warunki uczestnictwa w Promocji.<\/li>\n<li><b>Uczestnik<\/b>\u00a0&#8211; ka\u017cda osoba lub firma, kt\u00f3ra dysponuje kodem rabatowym.<\/li>\n<li><b>Serwis wolski.edu.pl<\/b>\u00a0&#8211; serwis internetowy udost\u0119pniaj\u0105cy internetowe kursy<\/li>\n<li><b>Czas trwania promocji\u00a0<\/b> &#8211; od 11.04.2018 do odwo\u0142ania<\/li>\n<li><b>Czas na skorzystanie z Rabatu promocyjnego<\/b>\u00a0&#8211; czas liczony od chwili otrzymania kuponu rabatowego do ko\u0144ca czasu trwania promocji<\/li>\n<li><b>Rabat<\/b>\u00a0&#8211; zni\u017cka na zakup kursu, okre\u015blona jest procentowo.<\/li>\n<\/ol>\n<h2>\u00a7 3. Warunki i zasady uczestnictwa w Promocji<\/h2>\n<ol>\n<li>W Promocji mog\u0105 uczestniczy\u0107 wszystkie osoby i firmy posiadaj\u0105ce kupon rabatowy lub korzystaj\u0105cy z okresowej promocji.<\/li>\n<li>Uczestnik, chc\u0105c skorzysta\u0107 z Promocji, aby m\u00f3c j\u0105 zobaczy\u0107, musi mie\u0107 wyczyszczon\u0105 pami\u0119\u0107 podr\u0119czn\u0105 przegl\u0105darki oraz usuni\u0119te ciasteczka, tzw. \u201ccookies\u201d, kt\u00f3re nadaje serwis wolskie.edu.pl w celu rozpoznawania swoich u\u017cytkownik\u00f3w.<\/li>\n<li>Aby skorzysta\u0107 z Promocji, Uczestnik musi za\u0142o\u017cy\u0107 konto (zarejestrowa\u0107 si\u0119) w serwisie wolski.edu.pl w czasie trwania Promocji.<\/li>\n<li>W trakcie zakupu kursu, uczestnik mo\u017ce poda\u0107 kod rabatowy.<\/li>\n<li>Po klikni\u0119ciu na przycisk dotycz\u0105cego zakupu, Uczestnik zostaje przekierowany na stron\u0119 zakupu.<\/li>\n<li>Je\u015bli Uczestnik nie skorzysta z Rabatu w czasie przeznaczonym na jego skorzystanie, traci prawo do skorzystania z tego Rabatu w ramach niniejszej Promocji.<\/li>\n<\/ol>\n<h2>\u00a7 4. Tryb sk\u0142adania i rozpatrywania reklamacji<\/h2>\n<ol>\n<li>Wszelkie reklamacje i zastrze\u017cenia dotycz\u0105ce przebiegu Promocji mog\u0105 by\u0107 sk\u0142adane przez Uczestnik\u00f3w w formie pisemnej na adres siedziby Organizatora lub w formie elektronicznej (za pomoc\u0105 formularza kontaktowego na stronie wolski.edu.pl). Reklamacja powinna zawiera\u0107 dane identyfikacyjne Uczestnika, a tak\u017ce opis zarzut\u00f3w stanowi\u0105cych podstaw\u0119 reklamacji oraz \u017c\u0105danie okre\u015blonego zachowania si\u0119 przez Organizatora.<\/li>\n<li>Reklamacj\u0119 nale\u017cy z\u0142o\u017cy\u0107 niezw\u0142ocznie od ujawnienia zdarzenia b\u0119d\u0105cego podstaw\u0105 reklamacji.<\/li>\n<li>Z\u0142o\u017cone reklamacje b\u0119d\u0105 rozpatrywane przez Organizatora niezw\u0142ocznie, jednak\u017ce nie p\u00f3\u017aniej ni\u017c w terminie 7 dni roboczych od daty otrzymania reklamacji. Przy rozpoznawaniu reklamacji Organizator opiera si\u0119 na tre\u015bci niniejszego Regulaminu oraz przepisach prawa polskiego.<\/li>\n<li>O wyniku post\u0119powania reklamacyjnego Uczestnik Promocji zostanie powiadomiony z zachowaniem formy z\u0142o\u017cenia reklamacji, lub w formie zgodnej ze z\u0142o\u017con\u0105 przez siebie dyspozycj\u0105, najp\u00f3\u017aniej w ci\u0105gu 7 dni od daty rozpatrzenia reklamacji.<\/li>\n<\/ol>\n<h2>\u00a7 5. Postanowienia ko\u0144cowe<\/h2>\n<ol>\n<li>Niniejszy Regulamin jest jedynym dokumentem okre\u015blaj\u0105cym szczeg\u00f3\u0142owe zasady Promocji pod nazw\u0105 \u201cProjektowanie na start\u201d.<\/li>\n<li>Udzia\u0142 w Promocji nie podlega przeniesieniu na inny podmiot, zw\u0142aszcza prawa i obowi\u0105zki Uczestnika Promocji nie mog\u0105 by\u0107 przenoszone, sprzedawane ani zbywane w \u017caden inny spos\u00f3b.<\/li>\n<li>Bior\u0105c udzia\u0142 w Promocji Uczestnik potwierdza, \u017ce wyra\u017ca zgod\u0119 na zwi\u0105zanie postanowieniami Regulaminu.<\/li>\n<\/ol>\n","protected":false},"excerpt":{"rendered":"<p>\u00a7 1. Informacje og\u00f3lne Organizatorem Promocji \u201cProjektowanie na start\u201d jest firma MODESTO Micha\u0142 Wolski z siedzib\u0105 we Magdalence pod adresem: ul. Okr\u0119\u017cna 21, 05-506 Magdalenka, \u00a0zwana dalej Organizatorem. Promocja trwa do odwo\u0142ania. Informacje o Promocji &#8220;Projektowanie na start&#8221; wraz z jej Regulaminem dost\u0119pne s\u0105 na stronie internetowej https:\/\/wolski.pro\/kursy \u00a7 2. Definicje Organizator\u00a0&#8211; Micha\u0142 Wolski, kt\u00f3rego [&hellip;]<\/p>\n","protected":false},"author":1,"featured_media":0,"parent":0,"menu_order":0,"comment_status":"closed","ping_status":"closed","template":"","meta":{"_seopress_robots_primary_cat":"","_seopress_titles_title":"","_seopress_titles_desc":"","_seopress_robots_index":"","site-sidebar-layout":"default","site-content-layout":"","ast-site-content-layout":"default","site-content-style":"default","site-sidebar-style":"default","ast-global-header-display":"","ast-banner-title-visibility":"","ast-main-header-display":"","ast-hfb-above-header-display":"","ast-hfb-below-header-display":"","ast-hfb-mobile-header-display":"","site-post-title":"","ast-breadcrumbs-content":"","ast-featured-img":"","footer-sml-layout":"","ast-disable-related-posts":"","theme-transparent-header-meta":"","adv-header-id-meta":"","stick-header-meta":"","header-above-stick-meta":"","header-main-stick-meta":"","header-below-stick-meta":"","astra-migrate-meta-layouts":"default","ast-page-background-enabled":"default","ast-page-background-meta":{"desktop":{"background-color":"","background-image":"","background-repeat":"repeat","background-position":"center center","background-size":"auto","background-attachment":"scroll","background-type":"","background-media":"","overlay-type":"","overlay-color":"","overlay-opacity":"","overlay-gradient":""},"tablet":{"background-color":"","background-image":"","background-repeat":"repeat","background-position":"center center","background-size":"auto","background-attachment":"scroll","background-type":"","background-media":"","overlay-type":"","overlay-color":"","overlay-opacity":"","overlay-gradient":""},"mobile":{"background-color":"","background-image":"","background-repeat":"repeat","background-position":"center center","background-size":"auto","background-attachment":"scroll","background-type":"","background-media":"","overlay-type":"","overlay-color":"","overlay-opacity":"","overlay-gradient":""}},"ast-content-background-meta":{"desktop":{"background-color":"var(--ast-global-color-5)","background-image":"","background-repeat":"repeat","background-position":"center center","background-size":"auto","background-attachment":"scroll","background-type":"","background-media":"","overlay-type":"","overlay-color":"","overlay-opacity":"","overlay-gradient":""},"tablet":{"background-color":"var(--ast-global-color-5)","background-image":"","background-repeat":"repeat","background-position":"center center","background-size":"auto","background-attachment":"scroll","background-type":"","background-media":"","overlay-type":"","overlay-color":"","overlay-opacity":"","overlay-gradient":""},"mobile":{"background-color":"var(--ast-global-color-5)","background-image":"","background-repeat":"repeat","background-position":"center center","background-size":"auto","background-attachment":"scroll","background-type":"","background-media":"","overlay-type":"","overlay-color":"","overlay-opacity":"","overlay-gradient":""}},"footnotes":""},"class_list":["post-3189","page","type-page","status-publish","hentry"],"_links":{"self":[{"href":"https:\/\/wolski.pro\/kursy\/wp-json\/wp\/v2\/pages\/3189","targetHints":{"allow":["GET"]}}],"collection":[{"href":"https:\/\/wolski.pro\/kursy\/wp-json\/wp\/v2\/pages"}],"about":[{"href":"https:\/\/wolski.pro\/kursy\/wp-json\/wp\/v2\/types\/page"}],"author":[{"embeddable":true,"href":"https:\/\/wolski.pro\/kursy\/wp-json\/wp\/v2\/users\/1"}],"replies":[{"embeddable":true,"href":"https:\/\/wolski.pro\/kursy\/wp-json\/wp\/v2\/comments?post=3189"}],"version-history":[{"count":0,"href":"https:\/\/wolski.pro\/kursy\/wp-json\/wp\/v2\/pages\/3189\/revisions"}],"wp:attachment":[{"href":"https:\/\/wolski.pro\/kursy\/wp-json\/wp\/v2\/media?parent=3189"}],"curies":[{"name":"wp","href":"https:\/\/api.w.org\/{rel}","templated":true}]}}