{"id":4912,"date":"2018-11-14T21:51:47","date_gmt":"2018-11-14T20:51:47","guid":{"rendered":"https:\/\/wolski.pro\/kursy\/?page_id=4912"},"modified":"2022-12-28T13:32:08","modified_gmt":"2022-12-28T12:32:08","slug":"regulamin-sprzedazy-do-14-11-2018","status":"publish","type":"page","link":"https:\/\/wolski.pro\/kursy\/regulamin-sprzedazy-do-14-11-2018\/","title":{"rendered":"Regulamin sprzeda\u017cy do 14.11.2018"},"content":{"rendered":"\n<p>Aktualizowano: 25 maja 2018<\/p>\n\n\n\n<p><strong>I. INFORMACJE OG\u00d3LNE<\/strong><\/p>\n\n\n\n<ol class=\"wp-block-list\" start=\"1\">\n<li>W\u0142a\u015bcicielem i administratorem serwisu\u00a0wolski.edu.pl jest firma <\/li>\n<\/ol>\n\n\n\n<figure class=\"wp-block-image aligncenter size-large is-resized\"><img decoding=\"async\" src=\"https:\/\/wolski.pro\/kursy\/wp-content\/uploads\/2022\/12\/kontakt-1024x499.png\" alt=\"kontakt\" class=\"wp-image-23996\" width=\"300\" srcset=\"https:\/\/wolski.pro\/kursy\/wp-content\/uploads\/2022\/12\/kontakt-1024x499.png 1024w, https:\/\/wolski.pro\/kursy\/wp-content\/uploads\/2022\/12\/kontakt-300x146.png 300w, https:\/\/wolski.pro\/kursy\/wp-content\/uploads\/2022\/12\/kontakt-768x374.png 768w, https:\/\/wolski.pro\/kursy\/wp-content\/uploads\/2022\/12\/kontakt-1536x749.png 1536w, https:\/\/wolski.pro\/kursy\/wp-content\/uploads\/2022\/12\/kontakt-600x292.png 600w, https:\/\/wolski.pro\/kursy\/wp-content\/uploads\/2022\/12\/kontakt.png 1543w\" sizes=\"(max-width: 1024px) 100vw, 1024px\" \/><\/figure>\n\n\n\n<ol class=\"wp-block-list\" start=\"2\">\n<li>U\u017cytkownikiem s\u0105 osoby fizyczne , prawne oraz jednostki organizacyjne nieposiadaj\u0105ce osobowo\u015bci prawnej dokonuj\u0105ce zam\u00f3wie\u0144 na us\u0142ugi dalej zwana \u201eU\u017cytkownikiem\u201d lub &#8220;Klientem&#8221;.<\/li>\n\n\n\n<li>Operator jest stron\u0105 umowy sprzeda\u017cy zawieranej z U\u017cytkownikiem i figuruje na fakturze VAT lub innym dokumencie potwierdzaj\u0105cym sprzeda\u017c jako sprzedawca zam\u00f3wionych przez U\u017cytkownika us\u0142ug.<\/li>\n<\/ol>\n\n\n\n<p><strong>II. PRZEDMIOT UMOWY I WYMAGANIA TECHNICZNE<\/strong><\/p>\n\n\n\n<ol class=\"wp-block-list\">\n<li>Operator \u015bwiadczy na rzeczy U\u017cytkownika us\u0142ug\u0119 polegaj\u0105c\u0105 na udost\u0119pnieniu kursu internetowego w domenie wolski.edu.pl, zwanej dalej (\u201eUs\u0142uga\u201d).<\/li>\n\n\n\n<li>Do skorzystania z Us\u0142ugi wymagane jest spe\u0142nienie nast\u0119puj\u0105cych wymaga\u0144 minimalnych: Posiadanie komputera z przegl\u0105dark\u0105 internetow\u0105 umo\u017cliwiaj\u0105c\u0105 przegl\u0105danie stron WWW.\n<ul class=\"wp-block-list\">\n<li>w\u0142\u0105czona obs\u0142uga cookies w przegl\u0105darce.<\/li>\n\n\n\n<li>mo\u017cliwo\u015b\u0107 odtwarzania materia\u0142\u00f3w wideo, np. serwisu YouTube.com, vimeo.com<\/li>\n\n\n\n<li>zainstalowane aplikacje umo\u017cliwiaj\u0105ce odczytywanie plik\u00f3w Adobe PDF Microsoft Word (wersja 2013 i nowsze), Microsoft Excel (wersja 2013 i nowsze)<\/li>\n<\/ul>\n<\/li>\n\n\n\n<li>Cze\u015b\u0107 \u0107wicze\u0144 mo\u017ce wymaga\u0144 u\u017cycia aplikacji Enterprise Architect firmy Sparx Systems LTD.<\/li>\n\n\n\n<li>Operator nie zapewnia wy\u017cej wymienionego sprz\u0119tu i oprogramowania.<\/li>\n\n\n\n<li>Integraln\u0105 cz\u0119\u015bci\u0105 wybranych szkole\u0144 s\u0105 webinaria.<\/li>\n\n\n\n<li>&nbsp;U\u017cytkownik, nie mo\u017ce udost\u0119pnia\u0107 swojego loginu i has\u0142a innym osobom.<\/li>\n\n\n\n<li>U\u017cytkownik, bez pisemnej zgody operatora, nie mo\u017ce publiczne rozpowszechnia\u0107 i odtwarza\u0107 nagra\u0144, kt\u00f3re stanowi\u0105 ca\u0142o\u015b\u0107 lub cz\u0119\u015b\u0107 us\u0142ugi.<\/li>\n<\/ol>\n\n\n\n<p><strong>III. SPOS\u00d3B ZAWARCIA UMOWY<\/strong><\/p>\n\n\n\n<ol class=\"wp-block-list\">\n<li>Skorzystanie z Us\u0142ugi mo\u017cliwe jest po prawid\u0142owym zawarciu Umowy zgodnie z poni\u017csz\u0105 procedur\u0105:\n<ul class=\"wp-block-list\">\n<li>U\u017cytkownik sk\u0142ada zam\u00f3wienie za po\u015brednictwem strony www Us\u0142ugi,<\/li>\n\n\n\n<li>U\u017cytkownik otrzymuje na sw\u00f3j adres e-mail potwierdzenie z\u0142o\u017cenia zam\u00f3wienia,<\/li>\n\n\n\n<li>U\u017cytkownik dokonuje p\u0142atno\u015bci za us\u0142ug\u0119,<\/li>\n\n\n\n<li>po zaksi\u0119gowaniu p\u0142atno\u015bci U\u017cytkownik otrzymuje e-mail z potwierdzeniem, dost\u0119pu do us\u0142ugi.<\/li>\n<\/ul>\n<\/li>\n\n\n\n<li>Umowa zawierana jest na czas nieoznaczony, co oznacza, \u017ce U\u017cytkownik uzyskuje nieograniczony w czasie dost\u0119p do zakupionego kursu.<\/li>\n\n\n\n<li>Umowa mo\u017ce zosta\u0107 rozwi\u0105zana przez ka\u017cd\u0105 ze Stron, z zachowaniem 1-miesi\u0119cznego okresu wypowiedzenia, bez podawania przyczyn.<\/li>\n\n\n\n<li>Operator, w przypadku zako\u0144czenia dzia\u0142alno\u015bci gospodarczej lub zmiany formy dzia\u0142alno\u015bci,&nbsp; gwarantuje dost\u0119p do kursu czas minimum jednego roku od daty zakupu kursu.<\/li>\n\n\n\n<li>W przypadku szkolenia bezp\u0142atnego skorzystanie z Us\u0142ugi&nbsp;nie wymagania op\u0142acenia zam\u00f3wienia.<\/li>\n<\/ol>\n\n\n\n<p><strong>IV. ZAM\u00d3WIENIE<\/strong><\/p>\n\n\n\n<ol class=\"wp-block-list\">\n<li>Zam\u00f3wienia dokonuje si\u0119 poprzez wype\u0142nienie formularza dost\u0119pnego na stronie serwisu wolski.edu.pl.<\/li>\n\n\n\n<li>U\u017cytkownik ponosi ca\u0142\u0105 odpowiedzialno\u015b\u0107 za prawid\u0142owe wype\u0142nienie formularza zam\u00f3wienia.<\/li>\n\n\n\n<li>Do ka\u017cdego zakupu do\u0142\u0105czane jest w zale\u017cno\u015bci od preferencji U\u017cytkownika: potwierdzenie dokonania zakupu lub faktura VAT dor\u0119czana w formie pliku PDF.<\/li>\n\n\n\n<li>Wybieraj\u0105c faktur\u0119 VAT, U\u017cytkownik potwierdza, \u017ce wyra\u017ca zgod\u0119 na wystawienie faktury VAT bez podpisu Wystawcy oraz wyra\u017ca zgod\u0119 na otrzymanie faktury drog\u0105 elektroniczn\u0105.<\/li>\n\n\n\n<li>W trakcie zam\u00f3wienia adres mailowy U\u017cytkownika jest zapisywany w specjalnych biuletynach. Biuletyny dotycz\u0105: zam\u00f3wionej us\u0142ugi oraz ca\u0142ej platformy i s\u0142u\u017c\u0105 do sprawnego komunikowania si\u0119 Operatora z U\u017cytkownikami. Komunikaty zawiera\u0107 mog\u0105 informacje o aktualizacjach us\u0142ugi, czasowej niedost\u0119pno\u015bci us\u0142ugi, zmianach w formie i kszta\u0142cie us\u0142ugi. Z biuletynu U\u017cytkownik mo\u017ce si\u0119 wypisa\u0107 w dowolnym momencie. Biuletyny obs\u0142uguje:&nbsp;MailerLite nale\u017c\u0105cy do firmy UAB \u201cMailerLite\u201d, Paupio st. 46, LT-11341 Vilnius, Lithuania<\/li>\n<\/ol>\n\n\n\n<p><strong>V. P\u0141ATNO\u015aCI<\/strong><\/p>\n\n\n\n<ol class=\"wp-block-list\">\n<li>Wszystkie ceny podane w serwisie wolski.edu.pl wyra\u017cone s\u0105 w polskich z\u0142otych (PLN) i zawieraj\u0105 podatek VAT.<\/li>\n\n\n\n<li>P\u0142atno\u015bci realizowane mog\u0105 by\u0107 z wykorzystaniem przelew\u00f3w online z wybranych bank\u00f3w dzia\u0142aj\u0105cych w Polsce lub za pomoc\u0105 tradycyjnego przelewu na konto bankowe.<\/li>\n\n\n\n<li>Operatorem kart p\u0142atniczych oraz dostawc\u0105 p\u0142atno\u015bci online jest PayPro SA Agent Rozliczeniowy, ul. Kanclerska 15, 60-327 Pozna\u0144, wpisany do Rejestru Przedsi\u0119biorc\u00f3w Krajowego Rejestru S\u0105dowego prowadzonego przez S\u0105d Rejonowy Pozna\u0144 Nowe Miasto i Wilda w Poznaniu, VIII Wydzia\u0142 Gospodarczy Krajowego Rejestru S\u0105dowego pod numerem KRS 0000347935, NIP 7792369887, Regon 301345068 &#8211; dzia\u0142aj\u0105c\u0105 pod mark\u0105 przelewy24.pl.<\/li>\n\n\n\n<li>Faktury i potwierdzenie dokonania zakupu wystawiane s\u0105 przez&nbsp;Web INnovative Software Sp. z o.o. ul. Boles\u0142awa Krzywoustego 105\/21 51-166 Wroc\u0142aw KRS 0000342082, NIP 8982167294 dzia\u0142aj\u0105c\u0105 pod mark\u0105 wFirma,<\/li>\n\n\n\n<li>Operator nie ponosi odpowiedzialno\u015bci za ew. problemy wynikaj\u0105ce z op\u00f3\u017anie\u0144 zawinionych przez osoby trzecie (banki, systemy p\u0142atnicze, poczta itp.).<\/li>\n<\/ol>\n\n\n\n<p><strong>VI. REKLAMACJE, ZWROTY i GWARANCJA SATYSFAKCJI<\/strong><\/p>\n\n\n\n<ol class=\"wp-block-list\">\n<li>Je\u017celi U\u017cytkownik nie osi\u0105gnie spodziewanych rezultat\u00f3w po uko\u0144czeniu kursu, ma mo\u017cliwo\u015b\u0107 skorzystania ze 100%&nbsp;zwrotu pieni\u0119dzy w ci\u0105gu 30 dni od rozpocz\u0119cia kursu.<\/li>\n\n\n\n<li>\u017beby otrzyma\u0107 100% zwrotu pieni\u0119dzy w ci\u0105gu 30 dni od zako\u0144czenia&nbsp;kursu, u\u017cytkownik musi spe\u0142ni\u0107 nast\u0119puj\u0105ce warunki:&nbsp;wzi\u0105\u0107 aktywny udzia\u0142 we wszystkich lekcjach kursu, obejrze\u0107 i wys\u0142ucha\u0107 wszystkie dost\u0119pne materia\u0142y oraz przerobi\u0107 komplet \u0107wicze\u0144 do\u0142\u0105czonych do ka\u017cdej lekcji kursu.<\/li>\n\n\n\n<li>Zgodnie z polskim prawem, je\u017celi zakupisz produkt jako osoba fizyczna (konsument), to przys\u0142uguje Ci mo\u017cliwo\u015b\u0107 odst\u0105pienia od umowy, bez podawania przyczyn, w terminie 14 dni od daty zawarcia umowy (dokonania zakupu). Zgodnie z prawem nie mo\u017cesz jednak odst\u0105pi\u0107 od umowy:\n<ul class=\"wp-block-list\">\n<li>w kt\u00f3rej cena lub wynagrodzenie zale\u017cy od waha\u0144 na rynku finansowym, nad kt\u00f3rymi&nbsp;Sprzedaj\u0105cy&nbsp;nie sprawuje kontroli, i kt\u00f3re mog\u0105 wyst\u0105pi\u0107 przed up\u0142ywem terminu do odst\u0105pienia od umowy;<\/li>\n\n\n\n<li>w kt\u00f3rej&nbsp;przedmiotem \u015bwiadczenia&nbsp;jest rzecz nieprefabrykowana, wyprodukowana wed\u0142ug specyfikacji konsumenta lub s\u0142u\u017c\u0105ca zaspokojeniu jego zindywidualizowanych potrzeb;<\/li>\n\n\n\n<li>w kt\u00f3rej&nbsp;przedmiotem \u015bwiadczenia&nbsp;jest rzecz ulegaj\u0105ca szybkiemu zepsuciu lub maj\u0105ca kr\u00f3tki termin przydatno\u015bci do u\u017cycia;<\/li>\n\n\n\n<li>w kt\u00f3rej&nbsp;przedmiotem \u015bwiadczenia&nbsp;jest rzecz dostarczana w zapiecz\u0119towanym opakowaniu, kt\u00f3rej po otwarciu opakowania nie mo\u017cna zwr\u00f3ci\u0107 ze wzgl\u0119du na ochron\u0119 zdrowia lub ze wzgl\u0119d\u00f3w higienicznych, je\u017celi opakowanie zosta\u0142o otwarte po dostarczeniu;<\/li>\n\n\n\n<li>w kt\u00f3rej&nbsp;przedmiotem \u015bwiadczenia&nbsp;s\u0105 rzeczy, kt\u00f3re po dostarczeniu, ze wzgl\u0119du na sw\u00f3j charakter, zostaj\u0105 nieroz\u0142\u0105cznie po\u0142\u0105czone z innymi rzeczami;<\/li>\n\n\n\n<li>w kt\u00f3rej&nbsp;przedmiotem \u015bwiadczenia&nbsp;s\u0105 nagrania d\u017awi\u0119kowe lub wizualne albo programy komputerowe dostarczane w zapiecz\u0119towanym opakowaniu, je\u017celi opakowanie zosta\u0142o otwarte po dostarczeniu;<\/li>\n\n\n\n<li>o dostarczanie tre\u015bci cyfrowych, kt\u00f3re nie s\u0105 zapisane na no\u015bniku materialnym, je\u017celi spe\u0142nianie \u015bwiadczenia rozpocz\u0119\u0142o si\u0119 za wyra\u017an\u0105 zgod\u0105&nbsp;Konsumenta&nbsp;przed up\u0142ywem terminu do odst\u0105pienia od umowy i po poinformowaniu go przez przedsi\u0119biorc\u0119 o utracie prawa odst\u0105pienia od umowy;<\/li>\n\n\n\n<li>o dostarczanie dziennik\u00f3w, periodyk\u00f3w lub czasopism, z wyj\u0105tkiem umowy o prenumerat\u0119.<\/li>\n<\/ul>\n<\/li>\n\n\n\n<li>Wszelkie zg\u0142oszenia s\u0105 rozpatrywane indywidualnie.<\/li>\n<\/ol>\n\n\n\n<p><strong>VII. POSTANOWIENIA KO\u0143COWE<\/strong><\/p>\n\n\n\n<ol class=\"wp-block-list\">\n<li>U\u017cytkownik ponosi ca\u0142\u0105 odpowiedzialno\u015b\u0107 za prawid\u0142owe wype\u0142nienie formularza rejestracyjnego w Us\u0142udze.<\/li>\n\n\n\n<li>Us\u0142uga jest \u015bwiadczona przez Operatora w spos\u00f3b ci\u0105g\u0142y, a wszelkie przerwy lub b\u0142\u0119dy nale\u017cy zg\u0142asza\u0107 Operatorowi korzystaj\u0105c z formularza kontaktowego, kt\u00f3ry dost\u0119pny jest pod adresem&nbsp;https:\/\/wolski.pro\/kursy\/kontakt<\/li>\n\n\n\n<li>Szczeg\u00f3\u0142owe zasady zbierania, przetwarzania i przechowywania danych osobowych wykorzystywanych w celu realizacji zam\u00f3wie\u0144&nbsp;zosta\u0142y opisane w Polityce prywatno\u015bci, kt\u00f3ra znajduje si\u0119 pod adresem https:\/\/wolski.pro\/kursy\/polityka-prywatnosci<\/li>\n\n\n\n<li>\u017badne z postanowie\u0144 niniejszego regulaminu nie ma na celu naruszenia praw U\u017cytkownika. Nie mo\u017ce by\u0107 r\u00f3wnie\u017c w ten spos\u00f3b interpretowane, gdy\u017c w przypadku niezgodno\u015bci jakiejkolwiek cz\u0119\u015bci regulaminu z obowi\u0105zuj\u0105cym prawem Operator deklaruje bezwzgl\u0119dne podporz\u0105dkowanie si\u0119 i stosowanie tego prawa w miejsce zakwestionowanego przepisu regulaminu.<\/li>\n\n\n\n<li>Aktualna wersja regulaminu jest zawsze dost\u0119pna dla U\u017cytkownika pod adresem&nbsp;https:\/\/wolski.pro\/kursy\/regulamin<\/li>\n\n\n\n<li>W sprawach nieuregulowanych niniejszym regulaminem stosuje si\u0119 odpowiednie obowi\u0105zuj\u0105ce przepisy prawne. Kwestie sporne rozpatruje s\u0105d w\u0142a\u015bciwy miejscowo i rzeczowo.<\/li>\n\n\n\n<li>Operator&nbsp;wyra\u017ca zgod\u0119 na poddanie ewentualnych spor\u00f3w wynik\u0142ych w zwi\u0105zku z umow\u0105 na drodze post\u0119powania mediacyjnego. Szczeg\u00f3\u0142y zostan\u0105 okre\u015blone przez strony konfliktu.<\/li>\n\n\n\n<li>U\u017cytkownik b\u0119d\u0105cy Konsumentem ma mo\u017cliwo\u015b\u0107 skorzystania z pozas\u0105dowych sposob\u00f3w rozpatrywania reklamacji i dochodzenia roszcze\u0144. Mi\u0119dzy innymi, U\u017cytkownik b\u0119d\u0105cy Konsumentem, ma mo\u017cliwo\u015b\u0107:\n<ul class=\"wp-block-list\">\n<li>zwr\u00f3cenia si\u0119 do sta\u0142ego polubownego s\u0105du konsumenckiego z wnioskiem o rozstrzygni\u0119cie sporu wynik\u0142ego z zawartej umowy,<\/li>\n\n\n\n<li>zwr\u00f3cenia si\u0119 do wojew\u00f3dzkiego inspektora Inspekcji Handlowej z wnioskiem o wszcz\u0119cie post\u0119powania mediacyjnego w sprawie polubownego zako\u0144czenia sporu mi\u0119dzy U\u017cytkownikiem a Operatorem<\/li>\n\n\n\n<li>skorzystania z pomocy powiatowego (miejskiego) rzecznika praw konsumenta lub organizacji spo\u0142ecznej, do kt\u00f3rej statutowych zada\u0144 nale\u017cy ochrona konsument\u00f3w.<\/li>\n<\/ul>\n<\/li>\n\n\n\n<li>Bardziej szczeg\u00f3\u0142owych informacji na temat pozas\u0105dowych sposob\u00f3w rozpatrywania reklamacji i dochodzenia roszcze\u0144, U\u017cytkownik mo\u017ce szuka\u0107 na stronie internetowej http:\/\/www.uokik.gov.pl.<\/li>\n\n\n\n<li>Pod adresem http:\/\/ec.europa.eu\/consumers\/odr dost\u0119pna jest platforma internetowego systemu rozstrzygania spor\u00f3w pomi\u0119dzy konsumentami i przedsi\u0119biorcami na szczeblu unijnym (platforma ODR). Platforma ODR stanowi interaktywn\u0105 i wieloj\u0119zyczn\u0105 stron\u0119 internetow\u0105 z punktem kompleksowej obs\u0142ugi dla konsument\u00f3w i przedsi\u0119biorc\u00f3w d\u0105\u017c\u0105cych do pozas\u0105dowego rozstrzygni\u0119cia sporu dotycz\u0105cego zobowi\u0105za\u0144 umownych wynikaj\u0105cych z internetowej umowy sprzeda\u017cy lub umowy o \u015bwiadczenie us\u0142ug.<\/li>\n<\/ol>\n","protected":false},"excerpt":{"rendered":"<p>Aktualizowano: 25 maja 2018 I. INFORMACJE OG\u00d3LNE II. PRZEDMIOT UMOWY I WYMAGANIA TECHNICZNE III. SPOS\u00d3B ZAWARCIA UMOWY IV. ZAM\u00d3WIENIE V. P\u0141ATNO\u015aCI VI. REKLAMACJE, ZWROTY i GWARANCJA SATYSFAKCJI VII. POSTANOWIENIA KO\u0143COWE<\/p>\n","protected":false},"author":1,"featured_media":0,"parent":0,"menu_order":0,"comment_status":"closed","ping_status":"closed","template":"","meta":{"_seopress_robots_primary_cat":"","_seopress_titles_title":"","_seopress_titles_desc":"","_seopress_robots_index":"","site-sidebar-layout":"default","site-content-layout":"","ast-site-content-layout":"default","site-content-style":"default","site-sidebar-style":"default","ast-global-header-display":"","ast-banner-title-visibility":"","ast-main-header-display":"","ast-hfb-above-header-display":"","ast-hfb-below-header-display":"","ast-hfb-mobile-header-display":"","site-post-title":"","ast-breadcrumbs-content":"","ast-featured-img":"","footer-sml-layout":"","ast-disable-related-posts":"","theme-transparent-header-meta":"","adv-header-id-meta":"","stick-header-meta":"","header-above-stick-meta":"","header-main-stick-meta":"","header-below-stick-meta":"","astra-migrate-meta-layouts":"default","ast-page-background-enabled":"default","ast-page-background-meta":{"desktop":{"background-color":"","background-image":"","background-repeat":"repeat","background-position":"center center","background-size":"auto","background-attachment":"scroll","background-type":"","background-media":"","overlay-type":"","overlay-color":"","overlay-opacity":"","overlay-gradient":""},"tablet":{"background-color":"","background-image":"","background-repeat":"repeat","background-position":"center center","background-size":"auto","background-attachment":"scroll","background-type":"","background-media":"","overlay-type":"","overlay-color":"","overlay-opacity":"","overlay-gradient":""},"mobile":{"background-color":"","background-image":"","background-repeat":"repeat","background-position":"center center","background-size":"auto","background-attachment":"scroll","background-type":"","background-media":"","overlay-type":"","overlay-color":"","overlay-opacity":"","overlay-gradient":""}},"ast-content-background-meta":{"desktop":{"background-color":"var(--ast-global-color-5)","background-image":"","background-repeat":"repeat","background-position":"center center","background-size":"auto","background-attachment":"scroll","background-type":"","background-media":"","overlay-type":"","overlay-color":"","overlay-opacity":"","overlay-gradient":""},"tablet":{"background-color":"var(--ast-global-color-5)","background-image":"","background-repeat":"repeat","background-position":"center center","background-size":"auto","background-attachment":"scroll","background-type":"","background-media":"","overlay-type":"","overlay-color":"","overlay-opacity":"","overlay-gradient":""},"mobile":{"background-color":"var(--ast-global-color-5)","background-image":"","background-repeat":"repeat","background-position":"center center","background-size":"auto","background-attachment":"scroll","background-type":"","background-media":"","overlay-type":"","overlay-color":"","overlay-opacity":"","overlay-gradient":""}},"footnotes":""},"class_list":["post-4912","page","type-page","status-publish","hentry"],"_links":{"self":[{"href":"https:\/\/wolski.pro\/kursy\/wp-json\/wp\/v2\/pages\/4912","targetHints":{"allow":["GET"]}}],"collection":[{"href":"https:\/\/wolski.pro\/kursy\/wp-json\/wp\/v2\/pages"}],"about":[{"href":"https:\/\/wolski.pro\/kursy\/wp-json\/wp\/v2\/types\/page"}],"author":[{"embeddable":true,"href":"https:\/\/wolski.pro\/kursy\/wp-json\/wp\/v2\/users\/1"}],"replies":[{"embeddable":true,"href":"https:\/\/wolski.pro\/kursy\/wp-json\/wp\/v2\/comments?post=4912"}],"version-history":[{"count":0,"href":"https:\/\/wolski.pro\/kursy\/wp-json\/wp\/v2\/pages\/4912\/revisions"}],"wp:attachment":[{"href":"https:\/\/wolski.pro\/kursy\/wp-json\/wp\/v2\/media?parent=4912"}],"curies":[{"name":"wp","href":"https:\/\/api.w.org\/{rel}","templated":true}]}}